 millions digit of 861203870?
6
What is the ten thousands digit of 457712464?
1
What is the ten millions digit of 645244140?
4
What is the units digit of 13249186?
6
What is the hundreds digit of 190851734?
7
What is the ten thousands digit of 41799187?
9
What is the tens digit of 107661405?
0
What is the thousands digit of 3224792?
4
What is the tens digit of 77889639?
3
What is the tens digit of 171879094?
9
What is the thousands digit of 29149024?
9
What is the hundred thousands digit of 22907884?
9
What is the hundred thousands digit of 741522850?
5
What is the ten millions digit of 1835826834?
3
What is the millions digit of 35839785?
5
What is the units digit of 882643600?
0
What is the ten millions digit of 268313911?
6
What is the ten thousands digit of 92993344?
9
What is the units digit of 4050878?
8
What is the ten thousands digit of 27880945?
8
What is the hundred millions digit of 234399969?
2
What is the units digit of 1593159646?
6
What is the tens digit of 289528829?
2
What is the hundred millions digit of 919563871?
9
What is the ten thousands digit of 149038236?
3
What is the ten thousands digit of 54195367?
9
What is the tens digit of 2954474481?
8
What is the millions digit of 147645463?
7
What is the ten millions digit of 35119898?
3
What is the thousands digit of 229346878?
6
What is the ten thousands digit of 790221650?
2
What is the hundred thousands digit of 1271802347?
8
What is the tens digit of 455748573?
7
What is the hundred thousands digit of 13082679?
0
What is the tens digit of 125588865?
6
What is the hundreds digit of 2543267744?
7
What is the tens digit of 184750494?
9
What is the hundred thousands digit of 127864396?
8
What is the tens digit of 5631974138?
3
What is the ten thousands digit of 119345381?
4
What is the units digit of 42162001?
1
What is the millions digit of 1536831061?
6
What is the millions digit of 1006270074?
6
What is the hundreds digit of 5277680001?
0
What is the tens digit of 563310704?
0
What is the units digit of 62312057?
7
What is the ten millions digit of 143167905?
4
What is the ten thousands digit of 269593901?
9
What is the thousands digit of 574607761?
7
What is the tens digit of 33357513?
1
What is the hundred thousands digit of 3109649018?
6
What is the hundred millions digit of 363525050?
3
What is the millions digit of 71221676?
1
What is the hundred thousands digit of 510777477?
7
What is the thousands digit of 4848049?
8
What is the ten thousands digit of 1997245915?
4
What is the ten thousands digit of 30708632?
0
What is the tens digit of 312409609?
0
What is the units digit of 209299278?
8
What is the ten millions digit of 11560406?
1
What is the thousands digit of 528004851?
4
What is the tens digit of 35370915?
1
What is the units digit of 280209537?
7
What is the units digit of 459293856?
6
What is the hundred millions digit of 3117851212?
1
What is the billions digit of 6461051586?
6
What is the hundred thousands digit of 349614951?
6
What is the hundred thousands digit of 16484931?
4
What is the thousands digit of 2971988507?
8
What is the millions digit of 73076116?
3
What is the hundreds digit of 200097988?
9
What is the ten millions digit of 384755821?
8
What is the thousands digit of 64371573?
1
What is the tens digit of 6688596?
9
What is the thousands digit of 5833359179?
9
What is the ten millions digit of 12805312?
1
What is the hundreds digit of 388444424?
4
What is the tens digit of 1252514421?
2
What is the thousands digit of 25997738?
7
What is the hundred thousands digit of 7173801183?
8
What is the hundred millions digit of 345326765?
3
What is the hundred thousands digit of 4789610957?
6
What is the ten thousands digit of 3346019830?
1
What is the ten thousands digit of 45720124?
2
What is the tens digit of 1223295170?
7
What is the thousands digit of 957294641?
4
What is the tens digit of 1579110755?
5
What is the thousands digit of 2190218641?
8
What is the hundred thousands digit of 6293423285?
4
What is the hundred thousands digit of 50214516?
2
What is the hundred thousands digit of 40657591?
6
What is the units digit of 1279777979?
9
What is the thousands digit of 458156291?
6
What is the millions digit of 274896132?
4
What is the tens digit of 40483616?
1
What is the ten thousands digit of 142322092?
2
What is the hundred millions digit of 1773635798?
7
What is the ten thousands digit of 27591065?
9
What is the hundreds digit of 5488411701?
7
What is the tens digit of 4626151570?
7
What is the hundred millions digit of 2801428284?
8
What is the thousands digit of 1774275082?
5
What is the ten millions digit of 490718443?
9
What is the hundreds digit of 126096278?
2
What is the thousands digit of 2998654731?
4
What is the hundred millions digit of 744293716?
7
What is the thousands digit of 148957293?
7
What is the ten millions digit of 934174438?
3
What is the thousands digit of 22021476?
1
What is the hundreds digit of 6484566?
5
What is the ten thousands digit of 157851460?
5
What is the ten millions digit of 3338514587?
3
What is the ten thousands digit of 273621423?
2
What is the units digit of 70699512?
2
What is the units digit of 100311613?
3
What is the ten thousands digit of 610134811?
3
What is the hundred thousands digit of 39384061?
3
What is the ten millions digit of 1105455686?
0
What is the thousands digit of 964123101?
3
What is the hundred millions digit of 329814746?
3
What is the hundred thousands digit of 1968416074?
4
What is the millions digit of 120986832?
0
What is the thousands digit of 92022304?
2
What is the hundred millions digit of 1675146913?
6
What is the ten millions digit of 392708110?
9
What is the millions digit of 148671285?
8
What is the units digit of 13100296?
6
What is the hundred thousands digit of 8176589043?
5
What is the millions digit of 54468860?
4
What is the ten thousands digit of 3422455728?
5
What is the ten thousands digit of 2398912323?
1
What is the ten thousands digit of 56241934?
4
What is the thousands digit of 19635173?
5
What is the hundreds digit of 1339565203?
2
What is the tens digit of 2100297508?
0
What is the tens digit of 10505363?
6
What is the units digit of 792845416?
6
What is the ten thousands digit of 55459738?
5
What is the billions digit of 2934470480?
2
What is the thousands digit of 13292298?
2
What is the millions digit of 353985863?
3
What is the hundreds digit of 70887036?
0
What is the thousands digit of 1580182302?
2
What is the ten thousands digit of 133618611?
1
What is the ten thousands digit of 78209390?
0
What is the millions digit of 36910749?
6
What is the ten millions digit of 3772646393?
7
What is the units digit of 553523020?
0
What is the units digit of 121369171?
1
What is the ten millions digit of 5844597014?
4
What is the tens digit of 1649973629?
2
What is the hundreds digit of 334209816?
8
What is the millions digit of 82648861?
2
What is the ten millions digit of 322656540?
2
What is the tens digit of 610817181?
8
What is the hundred thousands digit of 294849477?
8
What is the thousands digit of 31758321?
8
What is the hundred millions digit of 4628787416?
6
What is the millions digit of 2623035643?
3
What is the hundred millions digit of 318479596?
3
What is the millions digit of 18434445?
8
What is the ten millions digit of 123801312?
2
What is the tens digit of 320531346?
4
What is the ten millions digit of 1195017064?
9
What is the ten thousands digit of 1690808664?
0
What is the millions digit of 638653435?
8
What is the hundreds digit of 75493123?
1
What is the hundreds digit of 248457943?
9
What is the thousands digit of 1532879798?
9
What is the thousands digit of 2705353175?
3
What is the ten thousands digit of 87118789?
1
What is the hundreds digit of 75214916?
9
What is the hundred thousands digit of 36649502?
6
What is the hundreds digit of 414319778?
7
What is the hundreds digit of 36358996?
9
What is the hundreds digit of 95720088?
0
What is the millions digit of 2302281198?
2
What is the units digit of 849496421?
1
What is the hundred millions digit of 166603544?
1
What is the tens digit of 3649137401?
0
What is the tens digit of 5461989115?
1
What is the millions digit of 121081135?
1
What is the thousands digit of 19552130?